 (base 4) in base 10?
-471
What is -114043 (base 5) in base 7?
-15313
-a6c3 (base 13) to base 12
-11487
3412 (base 5) to base 4
13202
Convert -100314 (base 6) to base 13.
-3793
Convert 2390 (base 12) to base 5.
111441
Convert -3346 (base 11) to base 5.
-120111
What is 62 (base 8) in base 4?
302
Convert -651 (base 14) to base 9.
-1635
Convert -342d (base 16) to base 13.
-6106
1cc1 (base 13) to base 7
15530
Convert 3855 (base 9) to base 12.
1805
What is -10111010100 (base 2) in base 11?
-1137
Convert -22140 (base 7) to base 13.
-26c1
10801 (base 10) to base 15
3301
285 (base 13) to base 10
447
4652 (base 8) to base 10
2474
-616 (base 7) to base 15
-157
Convert -23112 (base 4) to base 11.
-600
420 (base 8) to base 12
1a8
What is 100102 (base 3) in base 10?
254
What is 198 (base 15) in base 7?
1034
Convert 5a9 (base 15) to base 5.
20114
-5100 (base 7) to base 9
-2370
What is -60a0 (base 12) in base 8?
-24370
28a6 (base 11) to base 12
2202
What is dc (base 15) in base 3?
21200
What is 5ca3 (base 13) in base 3?
200000220
12202111 (base 3) to base 7
15145
Convert -10992 (base 15) to base 4.
-30320303
Convert 31616 (base 7) to base 5.
222403
Convert 27c9 (base 13) to base 11.
4350
What is -12741 (base 10) in base 3?
-122110220
What is 1505 (base 12) in base 5?
34303
Convert 3196 (base 12) to base 13.
2628
Convert 102222 (base 7) to base 11.
12257
Convert -1856 (base 11) to base 10.
-2360
Convert -3300 (base 6) to base 14.
-3c0
-8157 (base 13) to base 8
-42631
Convert 2a3 (base 15) to base 16.
25b
-c96 (base 15) to base 4
-230121
What is -11132 (base 9) in base 7?
-30401
What is 112100 (base 3) in base 9?
470
What is -1220120 (base 3) in base 11?
-1056
-6881 (base 10) to base 2
-1101011100001
Convert 285 (base 11) to base 8.
517
What is 4524 (base 6) in base 16?
424
Convert -8125 (base 11) to base 6.
-121552
2466 (base 7) to base 4
32202
What is -6032 (base 9) in base 2?
-1000100110011
Convert -146 (base 15) to base 4.
-10203
What is -562 (base 7) in base 5?
-2124
What is 3120 (base 6) in base 4?
22320
Convert -22210 (base 3) to base 9.
-283
What is 20530 (base 10) in base 15?
613a
Convert 34230 (base 5) to base 12.
14b4
3778 (base 11) to base 13
231b
351 (base 15) to base 10
751
What is -3056 (base 16) in base 11?
-932a
1d6d (base 16) to base 10
7533
What is -17644 (base 8) in base 11?
-60a4
What is 1f48 (base 16) in base 7?
32230
25323 (base 7) to base 3
100011110
Convert 8325 (base 13) to base 8.
43302
What is -10782 (base 10) in base 16?
-2a1e
What is -23345 (base 6) in base 13?
-16ca
-17077 (base 8) to base 4
-1320333
Convert -268 (base 10) to base 16.
-10c
Convert -b18 (base 15) to base 5.
-34443
6d32 (base 14) to base 8
45160
What is -128 (base 11) in base 14?
-ab
What is 122030 (base 5) in base 10?
4640
Convert -1412 (base 7) to base 12.
-398
What is 1102142 (base 5) in base 2?
100101001100111
Convert -23202 (base 6) to base 8.
-6362
101001010100100 (base 2) to base 6
241540
Convert 401 (base 10) to base 2.
110010001
Convert 103 (base 13) to base 3.
20101
-18a2 (base 11) to base 8
-4553
What is 56 (base 7) in base 4?
221
What is 222102000 (base 3) in base 9?
28360
-2383 (base 15) to base 7
-31002
-472 (base 15) to base 6
-4355
Convert -226 (base 8) to base 13.
-b7
What is 1572 (base 10) in base 4?
120210
Convert -5b39 (base 15) to base 10.
-19404
What is 3df (base 16) in base 10?
991
-1626 (base 7) to base 9
-810
What is -352a (base 13) in base 10?
-7472
Convert 1850 (base 14) to base 5.
120012
-1101000 (base 3) to base 15
-469
What is -52025 (base 6) in base 7?
-26126
Convert 221 (base 13) to base 16.
16d
What is 937 (base 10) in base 7?
2506
-4342 (base 5) to base 2
-1001010101
Convert 926b (base 14) to base 4.
12021133
Convert -b57a (base 13) to base 5.
-1300423
Convert -3156 (base 8) to base 2.
-11001101110
Convert -66 (base 8) to base 14.
-3c
Convert -22416 (base 8) to base 11.
-7144
-120154 (base 7) to base 6
-244241
Convert -102645 (base 7) to base 10.
-17820
Convert -3129 (base 12) to base 11.
-4034
Convert -179 (base 16) to base 8.
-571
What is 52ca (base 15) in base 6?
213031
What is 14629 (base 13) in base 2?
1001010111111110
What is -34870 (base 10) in base 12?
-1821a
What is -2221202 (base 3) in base 10?
-2153
-417 (base 13) to base 3
-221210
-11001 (base 2) to base 6
-41
What is -12033 (base 4) in base 5?
-3044
-e63c (base 15) to base 10
-48657
Convert -132031 (base 5) to base 6.
-40214
What is -1949 (base 15) in base 8?
-12535
-301066 (base 7) to base 2
-1100011001111100
What is -30450 (base 11) in base 6?
-541502
Convert 7494 (base 10) to base 4.
1311012
Convert -20623 (base 7) to base 12.
-2b61
Convert 14522 (base 6) to base 2.
100100110010
-30000 (base 6) to base 13
-1a01
What is 20d2 (base 15) in base 3?
100112022
Convert 43532 (base 10) to base 12.
21238
3002 (base 5) to base 2
101111001
What is 1ba9 (base 14) in base 2?
1001110111001
Convert -1123201 (base 4) to base 8.
-13341
What is 312 (base 12) in base 11?
376
55b3 (base 12) to base 5
300440
-95 (base 14) to base 12
-ab
Convert -ace5 (base 16) to base 15.
-d1ab
What is -3398 (base 10) in base 14?
-134a
Convert 1b3b (base 16) to base 12.
404b
Convert -13205 (base 7) to base 2.
-110111001101
What is -451 (base 14) in base 5?
-11410
What is -41003 (base 5) in base 9?
-3540
-1122011 (base 3) to base 6
-5304
Convert 2020102 (base 5) to base 6.
410331
Convert 2683 (base 9) to base 8.
3743
Convert 6844 (base 12) to base 6.
125324
What is 40a (base 11) in base 6?
2142
What is 21003 (base 4) in base 11?
487
Convert 3a87 (base 14) to base 6.
115423
Convert 1045 (base 6) to base 10.
245
-11c59 (base 13) to base 7
-164542
What is 22322 (base 8) in base 13?
43a1
32760 (base 10) to base 12
16b60
-c9 (base 15) to base 3
-21000
Convert 100111110010 (base 2) to base 13.
120b
-877 (base 14) to base 13
-9b9
Convert -301035 (base 7) to base 15.
-100b0
What is 16910 (base 12) in base 16?
7e9c
Convert 110302 (base 4) to base 13.
7b4
Convert -2856 (base 9) to base 3.
-2221220
Convert -2b45 (base 13) to base 7.
-24253
47082 (base 9) to base 11
21675
What is 34815 (base 9) in base 10?
23261
What is -3804 (base 12) in base 10?
-6340
Convert -265 (base 11) to base 7.
-625
What is -647 (base 8) in base 14?
-223
Convert 220102 (base 3) to base 11.
54a
231033 (base 6) to base 9
28883
-264 (base 9) to base 8
-334
What is 46d (base 15) in base 10?
1003
Convert 37a (base 12) to base 14.
298
Convert 162 (base 14) to base 13.
189
Convert -100110100011 (base 2) to base 13.
-117a
What is 1101111010 (base 2) in base 7?
2411
Convert -687b (base 12) to base 4.
-2311133
What is 42040 (base 5) in base 4?
223102
-1503 (base 13) to base 14
-1177
What is -23b2 (base 13) in base 4?
-1032312
Convert -2551 (base 9) to base 12.
-1131
What is -223 (base 11) in base 16?
-10b
-1478 (base 13) to base 14
-1124
175a (base 14) to base 6
31232
Convert -10011110010 (base 2) to base 4.
-103302
What is 1414 (base 15) in base 14?
17ca
-101161 (base 8) to base 15
-9d63
-946d (base 16) to base 7
-215531
Convert 4524 (base 6) to base 14.
55a
Convert 2020100 (base 4) to base 2.
10001000010000
2320031 (base 4) to base 7
46241
What is -143145 (base 6) in base 16?
-3569
What is 30051 (base 7) in base 3?
100221010
2553 (base 6) to base 12
459
What is -12e (base 16) in base 6?
-1222
-10221001 (base 3) to base 9
-3831
Convert -a880 (base 13) to base 15.
-6e1b
10022110212 (base 3) to base 6
1221552
Convert 4de3 (base 15) to base 9.
24736
Convert 130332 (base 4) to base 5.
24404
What is 23201133 (base 4) in base 6?
1002303
What is 7043 (base 9) in base 2?
1010000010110
What is 20 (base 11) in base 7?
31
What is -2742 (base 8) in base 12?
-a56
Convert -4525 (base 6) to base 2.
-10000100101
-851 (base 14) to base 3
-2020201
Convert 1102333 (base 5) to base 16.
4a95
Convert 23033010 (base 4) to base 15.
d980
What is 537 (base 9) in base 12?
307
-1110000010 (base 2) to base 4
-32002
101111011 (base 2) to base 3
112001
-10012 (base 4) to base 3
-100201
Convert 10412 (base 5) to base 2.
1011011100
Convert 1352 (base 7) to base 13.
317
324 (base 10) to base 16
144
What is -10010010110011 (base 2) in base 7?
-36251
2641 (base 9) to base 8
3675
123010 (base 5) to base 16
1293
-1011021 (base 3) to base 11
-6a8
Convert -61655 (base 8) to base 3.
-